i be a(b). Let c(g) = -g**3 + 4*g**2 - 2*g + 1. Give c(i).
5
Let r be (-1)/1*(26 + -25) + 4. Let c(q) = -3*q. What is c(r)?
-9
Let l(c) = -c - 4. Suppose 10 = 5*r - 0, 0 = -3*z + r - 17. Let n be l(z). Let t(h) = -21*h**2 - h**3 - 18*h**2 - h + 59*h**2 - 18*h**2. Calculate t(n).
0
Let g(j) = 6*j**2 + 4*j + 2. Let z be g(-1). Let p(d) be the third derivative of -1/3*d**3 + 4*d**2 + 0 + 0*d + 1/8*d**z. Determine p(-3).
-11
Let r(l) = -l**3 - l**2 - 2*l + 3. Suppose 3*m - 6 = -2*t, -6 = -3*t - 5*m + 4. Give r(t).
3
Let h(d) be the second derivative of -d**3/2 + 25*d**2/2 - 440*d. Give h(10).
-5
Let v(c) = c**2 - 2*c + 5. Suppose 14*w = 12*w + 8. Let p be v(w). Suppose 0*k = -4*x - 5*k + 19, 0 = -4*x - 3*k + p. Let m(r) = 17*r. Give m(x).
17
Let p(j) be the first derivative of -9/2*j**2 + 9 - 1/3*j**3 + 3*j. Give p(-7).
17
Let x = 0 - 0. Suppose -20*b - 12 = -24*b. Let d(p) = -p**b - 5 - 5*p**3 + 7*p**3. What is d(x)?
-5
Let b(d) = 13*d**2 + d. Let g be -7 + (-162)/(-24) + (-5)/(-4). Give b(g).
14
Let v(f) = f. Let w be 26*5/(-10) - -6. Calculate v(w).
-7
Let k = -21 - -19. Let z(h) = -3*h**2 + 1. Let w(j) = 20*j**2 + 2*j - 5. Let b(v) = w(v) + 6*z(v). Determine b(k).
5
Let x(k) = -8*k + 4. Let i = -36 - -38. Suppose 4*z - 4 = -2*y - i, 5*z = 2*y + 16. What is x(y)?
28
Let i(j) = 33 + 4*j - 76 + 44. Give i(-6).
-23
Let a = -10 - -12. Let x(d) = d**a - 4*d**2 - 1 + 2*d**2 - d**3 + 0*d**3 + 2*d. Give x(1).
-1
Let i(o) = -o**3 + o**2 + 4*o + 1. Suppose -5*x + x = 20. Let p be (-2)/10 - 16/x. Determine i(p).
-5
Let x(v) = -v - 4. Let l(t) = -t - 13. Let p be l(-9). Let y be x(p). Let j(r) be the third derivative of -r**4/24 - 2*r**2 - 1. Calculate j(y).
0
Let w(z) be the second derivative of z**4/12 - 4*z**3/3 + 6*z**2 - 33*z. What is w(6)?
0
Let l(c) = -c**2 + 9*c - 8. Let i = 3 - 2. Let v be l(i). Let s(b) = -b + 1. What is s(v)?
1
Let w(v) = -5 + 10 - 5 - 2 - 3*v**2 + 4*v**2 - v**3. Determine w(0).
-2
Let m(a) = -13 + 10*a - 4*a + 18 + 20 - 8*a. Give m(8).
9
Suppose 0 = 5*v + 24 + 1, -3*d = 4*v + 17. Let g(s) = -3 + 14*s - d - 13*s. What is g(6)?
2
Suppose 0 = 4*w - 52. Let f(y) = y**3 + 2*y - 9. Let z be f(0). Let u = z + w. Let n(a) = a**2 - 4*a + 3. Give n(u).
3
Let u be (0 - 46)/2 + 3. Let p = u - -24. Let c(b) = -b**3 + 4*b**2 + 2*b - 3. Give c(p).
5
Suppose -2*z - 5 = 1, 27 = 3*r - 3*z. Let o(g) = 2*g**2 + 2*g + 4. Let n(y) = -y**2 - y - 2. Let u(a) = r*o(a) + 13*n(a). Let l be -2*1/2*4. What is u(l)?
-14
Let h(z) = 3*z**3 + z**2 + z - 2. Let j be (-5)/(15/9) - -3. Let o(f) = -5 + 4*f**3 + f**2 + j*f**2 + 3*f**3 + 3*f. Let d(b) = 5*h(b) - 2*o(b). What is d(-4)?
-12
Let t(n) = n + 1. Let l(j) = -79 + 0*j + 2*j + 84. Let o be l(-3). What is t(o)?
0
Let v(l) = l**3 - 7*l**2 + 7*l - 8. Let d(c) = c**2 - 7*c + 16. Let b = -20 + -17. Let a = b - -42. Let t be d(a). Calculate v(t).
-2
Let m(p) = p**2 + 25*p + 23. Let t be m(-24). Let l(b) = -43*b**2 + b + 1. Give l(t).
-43
Let d(w) = -71*w + 9 + 37*w - w**2 + 29*w. Calculate d(-7).
-5
Let u(q) = -10*q**2 - 16*q + 11. Let w(f) = -5*f**2 - 7 - 3*f**2 + 11*f + 15*f**2. Let r(s) = 5*u(s) + 7*w(s). Calculate r(-5).
-4
Let d(w) = w**2 + 10*w - 1. Let b be (-8)/12 - 2/(-3) - 10. What is d(b)?
-1
Suppose -4*c - 4*u = -0*u + 12, 2*c = u - 9. Let s(v) be the first derivative of -v**2/2 + 4*v - 147. Determine s(c).
8
Let a(z) = -3*z**3 - 5*z**2 + 4. Suppose 4*n + 17 = -q, -n - 2*q + 6 = -3*n. Let g(r) = -4*r**3 - 5*r**2 + 5. Let y(p) = n*g(p) + 5*a(p). What is y(4)?
-16
Let u(b) = -8*b**3 - 11*b**2 + 7. Suppose -r = -3*r + 3*j + 14, -7 = -r + j. Let y(s) = 7*s**3 + 10*s**2 - s - 6. Let z(v) = r*y(v) + 6*u(v). Calculate z(-5).
10
Let g be (-4 + 2)/((-10)/35). Let d(k) = 10*k + k - 1 - 5*k - g*k. Suppose -5*r + 15 = 0, 5*z - 22 = -0*r + r. Calculate d(z).
-6
Suppose -21 = 4*n - 13. Let l be ((-3)/(-1))/(-1) + n + 2. Let x(i) = i**2 + 3*i + 2. Calculate x(l).
2
Let u(v) = -36*v + 22. Let s(y) = 12*y - 8. Suppose 16 = -4*n, 5*g + 5*n = 2*n - 32. Let d(m) = g*u(m) - 11*s(m). Calculate d(1).
12
Let w = 49 - 44. Suppose 5 = 2*j - 5. Let f(q) = j - 2 - 2*q + q. What is f(w)?
-2
Let x(k) be the first derivative of 1/2*k**2 + 1/4*k**4 - 3*k - 53 + 2*k**3. Calculate x(-6).
-9
Let t(v) = v**3 - 197*v + 4*v**2 + 388*v - 188*v. Suppose -3*i = -2*f + 6, f + i = -f - 10. What is t(f)?
0
Let g(o) = -o**3 - 12*o**2 - 10*o + 9. Let u be g(-11). Let l(z) be the first derivative of 3 + z + 1/2*z**2. Calculate l(u).
-1
Let g be (48/14)/((-261)/(-1218)). Let j(y) = y**3 - 16*y**2 - 4. Give j(g).
-4
Let m be 2 + -4 - (-11 + 8). Let l(c) be the first derivative of -c**4/4 + c**3/3 + 9. Calculate l(m).
0
Let q(d) = d**3 - d**2 - 2*d - 1. Let x = 18 + -14. Suppose -4*l - 2*a = -2, 0 = -x*l + a - 0*a + 17. Calculate q(l).
11
Let d(u) = -u**3 + 68*u**2 - 74*u**2 - 7 + 4*u + 4 + 1. Calculate d(-5).
-47
Suppose -q = 3*q - 28. Let d(c) be the first derivative of -c**3/3 + 7*c**2/2 + 8*c + 23. Give d(q).
8
Let v(w) be the third derivative of -w**4/24 + 25*w**3/6 + 5*w**2. Let m be v(17). Let a(q) = -q**2 + 8*q + 1. What is a(m)?
1
Let q = -122 + 114. Let v(p) = -p**2 - 8*p + 8. Let k(g) = -2*g**2 - 16*g + 16. Let s(a) = 3*k(a) - 7*v(a). Give s(q).
-8
Let x(z) = z + 1 + 207*z**2 - 205*z**2 - 5. Suppose 6*n + 4*h - 75 = n, -5*h = -4*n + 60. Suppose -3*u - 2*u = n. Determine x(u).
11
Let a(j) = j**2 - 15*j + 29. Let u be a(13). Let i(c) = c - 5 - c**2 + 15 - 9 + 16*c**u. What is i(-1)?
-17
Let k(x) = -x**2 + 4*x + 7. Let j be k(5). Let o(n) = n + 4 - 6*n**j + 2*n**2 - n**3 - 3 - 2. Suppose -5*r = -d + 11, -d - 14*r + 17*r = -5. What is o(d)?
-5
Let s(k) = -k**3 - 43*k**2 - 42*k - 9. Let z be s(-42). Let d(i) be the third derivative of -i**4/24 - 8*i**3/3 + i**2. Give d(z).
-7
Let h(d) = 1366*d**3 - 1367*d**3 - 5 - 9*d**2 - 5*d - 5*d. What is h(-7)?
-33
Let z(g) = -2*g**2 + 18*g - 11. Let s be z(8). Let h(c) be the third derivative of -1/12*c**4 - 1/60*c**s + 1/3*c**3 + 0 + 2*c**2 + 0*c. Determine h(-4).
-6
Let t(p) = -5*p**2 + 4*p - 9. Let u(z) = 14*z**2 - 10*z + 25. Let b(a) = -11*t(a) - 4*u(a). Give b(-2).
3
Let h = -11 - -8. Let x(r) be the third derivative of r**6/60 + r**5/20 - r**4/6 + 17*r**2. What is x(h)?
-15
Let b(y) be the first derivative of y**3/3 - 3*y**2/2 - y - 39. Calculate b(5).
9
Let q be -21 + 7 - 1*4. Let t be (-22)/3 + (-6)/q. Let h(m) = -m - 1. Give h(t).
6
Let o(s) = -20*s + 16. Let a(z) = 13*z - 10. Let j(b) = -8*a(b) - 5*o(b). What is j(3)?
-12
Let j(u) be the third derivative of 1/12*u**4 - 9*u**2 - 1/3*u**3 + 0*u + 0 - 1/60*u**5. Determine j(3).
-5
Let y(h) = -2*h - 6 + 9 + 3 - 4. Let g(t) = 2*t - 2. Let m = 0 - -3. Let i(n) = m*y(n) + 4*g(n). Give i(4).
6
Let i(c) be the second derivative of -c**5/20 + c**4/4 + 327*c. What is i(5)?
-50
Let t(y) = -y**2 - 4*y - 3. Let m(f) = -4*f**2 - 5*f - 4. Let j be m(-2). Let n be 6/(-4) - 65/j. Suppose n*p + 8 + 12 = 0. Give t(p).
-3
Let o(b) be the first derivative of 1/4*b**4 + 4/3*b**3 - 3*b + b**2 + 16. Give o(-3).
0
Let h(y) = 2*y - 23. Let c(d) = -76*d - 364. Let x be c(-5). Calculate h(x).
9
Let y(o) = o**3 - o**2 - 2*o - 1. Let f(m) = -8*m + 42. Let h be f(5). Calculate y(h).
-1
Let c(w) = 19*w**3 - 2*w**2 - 5*w + 6. Let k(j) = j**3 - j + 1. Let r(y) = c(y) - 6*k(y). What is r(1)?
12
Let u be 3/(-2)*(-4)/(-6). Let i(x) = 4*x**2 - 1387 + 1388 + 9*x**2. Give i(u).
14
Let w(u) = u**3 - 6*u**2 - 3*u + 13. Let i be w(6). Let n(b) = 2*b - 4*b**2 + 5*b + 25*b**3 + 3 - 26*b**3. Calculate n(i).
-7
Let l(y) = 2*y**2. Let t(k) = k**3 - 6*k**2 - 2*k - 5. Let w(q) = -5*l(q) - t(q). Calculate w(-4).
-3
Suppose 7*g + 3*y - 9 = 11*g, 0 = -5*y + 15. Let h(c) = 2*c**2 + 5. Determine h(g).
5
Let a = -65 + 68. Let u(h) = -2*h**2 - h - 3*h + a*h**2 - 2 + 0*h**2. Determine u(5).
3
Let j(x) = -x**3 + x**2 + 3*x + 4. Let l(k) = k**2 - 5*k + 6. Let z be l(2). Suppose z = -9*n + 8 + 19. Calculate j(n).
-5
Let k(a) = a - 13. Let d(u) = u - 13. Let p(t) = 5*d(t) - 6*k(t). Calculate p(0).
13
Let x(u) be the second derivative of u**7/420 + u**4/12 - 10*u. Let z(g) be the third derivative of x(g). Give z(1).
6
Let k = -2 - 3. Suppose 8 = 9*q + 80. Let l = k - q. Let a(d) = 2*d - 4. Give a(l).
2
Let j(k) = 6*k. Let g be (-7 + 4 + 4)*-1. Determine j(g).
-6
Let v(q) = -q**2 + 8*q - 7. Suppose -15*s =